*l + 9 = g, 3*q - 21 = 2*l. List the prime factors of q.
5
Let a(o) = 6*o - 2. Suppose -d - 4*d + 3*k = -30, -3*d + 34 = -5*k. Let h be 6/d + (-1 - -1). What are the prime factors of a(h)?
2, 5
Suppose 2*f = -0*f. Suppose f = 3*s + 2*s - 5. Let v = s - -2. List the prime factors of v.
3
Let i(p) = -4*p**2 + 4*p + 11. Let s(a) = 2*a**2 - 2*a - 5. Let w(z) = 4*i(z) + 9*s(z). Let q = -47 - -44. What are the prime factors of w(q)?
23
Let v(a) = -a**2 + 7*a + 5. What are the prime factors of v(4)?
17
Suppose 0 = 3*k - 2*b - 134 - 37, 0 = -3*k - b + 180. List the prime factors of k.
59
Let g(a) = -a**2 + 5*a + 1. Let i be g(4). Let o be 1 - (-2 + 1 - -1). Suppose -2*y + o + i = 0. What are the prime factors of y?
3
Let x = 8 - 6. Suppose x*d = 26 + 20. List the prime factors of d.
23
Let w(t) = t**2 + 4*t - 4. Let k be w(4). Let m = 40 - k. List the prime factors of m.
2, 3
Suppose p + 3*o + 5 = 0, 4*o = 2*p - 15 - 5. Suppose -3*l = -2*m - 17, 12 - p = 4*m. List the prime factors of l.
7
Let k(g) = g**3 - 6*g**2 + 4*g + 10. List the prime factors of k(7).
3, 29
Let u(k) = -18*k**2 + 1. Let p be u(-1). Let z = 40 + p. What are the prime factors of z?
23
Suppose -2*q + 7 = 1. Let v(j) = -j**2 + 25 - 27 + q*j**2. List the prime factors of v(2).
2, 3
Let m(k) = -k**2 - 6*k + 3. Let a be m(-6). Suppose -a*u + u + 18 = 0. What are the prime factors of u?
3
Let b(u) = 7*u**2 + 9*u + 1. What are the prime factors of b(-4)?
7, 11
Suppose 0 = -d + 5*y - 17, 2 = -3*d - y + 15. Let l be (-2)/d + (-8)/(-12). Suppose l*t = 5*t - 65. What are the prime factors of t?
13
Suppose a - 4*g - 48 = 0, 5*g = 3*a - 105 - 11. Let x = -19 + a. What are the prime factors of x?
13
Suppose 2*f - f = 0. Suppose -14 = -2*y + 2*x - 0, f = -4*y - 3*x - 7. List the prime factors of y.
2
Let b(h) be the first derivative of -h**4/4 - 13*h**3/3 + 11*h**2/2 - 15*h + 2. What are the prime factors of b(-14)?
3
Let t(p) = p**3 - 3*p**2 + 2*p + 4. Let m be t(4). Suppose -v + 16 = -2*l, 4*l - m = -3*v - 0*l. List the prime factors of v.
2, 3
Let y be (-1)/4 - (-7)/(-4). Let n be (-4)/(-2) - (-4)/y. Suppose -5*f + n*f + 65 = 0. What are the prime factors of f?
13
Let u be 50/18 + 6/27. Suppose -m + u*z + 6 = -11, 0 = 3*m - 3*z - 27. What are the prime factors of m?
5
Suppose 2*m + m - 8 = s, 2*m = 2*s + 8. What are the prime factors of m?
2
Let t(l) = -l**2 + 23. Let p = -3 + 3. What are the prime factors of t(p)?
23
Let j be 7/(7/4) + 35. Suppose -m - 6 + j = 0. What are the prime factors of m?
3, 11
Let b be (3 - 5)*10/(-4). Let p be 381/21 - (-1)/(-7). Suppose p = b*t - 57. List the prime factors of t.
3, 5
Suppose 3*x = -6*x + 972. What are the prime factors of x?
2, 3
Let g(a) = 9*a - 12. List the prime factors of g(14).
2, 3, 19
What are the prime factors of 1398/27 - (-2)/9?
2, 13
Let a = -291 + 494. What are the prime factors of a?
7, 29
Let l = -28 - -51. What are the prime factors of l?
23
Suppose -152 = -5*t + 4*q, -9*t - 2*q = -10*t + 34. What are the prime factors of t?
2, 7
Let q(d) = d + d**2 + 0 - 2 - 1. Suppose 2*h - 3*n = 0, h - 2*n = 2*n - 5. List the prime factors of q(h).
3
Let i = -76 + 107. List the prime factors of i.
31
Suppose 0 = 5*p - f - 135, -3*f + 5*f = -3*p + 81. What are the prime factors of p?
3
Suppose -5*f + 59 = 14. Let m be 24/f + 1/3. Suppose u - m*u = -16. List the prime factors of u.
2
Let x be 22 - (2 - 3/3). Suppose -2*i = -x - 13. List the prime factors of i.
17
Let r(t) = -t**3 - 8*t**2 - 6. Let d be r(-8). Let v be 3/(-4)*-3*8. List the prime factors of (-6)/v + (-50)/d.
2
Suppose 3*p - 2*i - 9 = 0, 4*i - 2*i = 0. Suppose p = f - 7. Let q = 24 - f. What are the prime factors of q?
2, 7
Suppose -g + 4*o + 58 = -0*o, -55 = -g + o. What are the prime factors of g?
2, 3
Suppose 3*c = 2*g + 38 + 8, 3*c - 3*g - 51 = 0. Suppose 4*o - 3*o - c = 0. List the prime factors of o.
2, 3
Let y(h) = 28*h**2 + h. Let w be y(-1). Let t = w - 14. What are the prime factors of t?
13
Suppose -2*y + 14 = 2. What are the prime factors of y?
2, 3
Let m be (-6)/(3/(-12)*3). Let q = m + 5. List the prime factors of q.
13
Suppose 0 = 4*b + h - 0*h + 52, -h - 26 = 2*b. Let f = b - -26. What are the prime factors of f?
13
Suppose 31 = p - f, -5*p = 4*f - 121 + 2. List the prime factors of p.
3
Let j(t) = -t - 11. Let u be j(-4). Let q be (1 - 4)*12/9. Let h = q - u. What are the prime factors of h?
3
List the prime factors of (484/(-6))/(48/(-72)).
11
Let p be ((-1)/(-3))/(2/114). Suppose 0 = -4*i - 35 + 159. Let j = i - p. List the prime factors of j.
2, 3
Let n be (-192)/10 - (-2)/10. Let i = 37 + n. List the prime factors of i.
2, 3
Suppose -71 = -c - 5*b, -3*b - b - 232 = -3*c. List the prime factors of c.
2, 19
Let z(y) = y**2 + 15*y + 2. Let b be z(-6). Let x = b - -74. List the prime factors of x.
2, 11
Suppose 5*y = 3*f, f + 0*f = 0. Let r be (y - -2)/(1/2). List the prime factors of 2/r - (-26)/4.
7
Let g(l) = 10*l**2 - 2*l + 1. What are the prime factors of g(2)?
37
What are the prime factors of (-11)/(22/(-100)) + -4?
2, 23
List the prime factors of (-4)/(-22) + (-14739)/(-187).
79
Suppose 24 = -u + 5*u. What are the prime factors of (u/(-3) - -9) + 3?
2, 5
Let y = -141 - -207. What are the prime factors of y?
2, 3, 11
List the prime factors of (-7)/(-21)*-21*10/(-7).
2, 5
Let m = -51 + 96. What are the prime factors of m?
3, 5
Let n be (25/2)/5*-2. Let o = n - -9. List the prime factors of o.
2
Let z = 12 - 7. Suppose -z*x + 8 = -x. List the prime factors of x/4 + (-5)/(-2).
3
Let q = 34 - 22. Let u = q - 0. Suppose 2*m - 6*m + 51 = 5*r, 0 = 3*m - u. What are the prime factors of r?
7
Suppose 5*r + 2 - 177 = 0. List the prime factors of r.
5, 7
List the prime factors of ((-8706)/(-42) - 2/7) + -4.
7, 29
Let c(m) = -4*m**3 - m**2 + 7*m + 17. What are the prime factors of c(-4)?
229
Suppose -139 = -w - 3*l, -2*w + 3*l = 4*l - 298. What are the prime factors of w?
151
Suppose -37 = -6*m + 827. What are the prime factors of m?
2, 3
Let f(y) = -y**3 - 2*y**2 + 43. List the prime factors of f(0).
43
Let j(a) = -a - 5. Let r be j(-8). List the prime factors of 3*r - (-10)/(-10).
2
Let z be (-8)/(-10)*20/8. Suppose 2 + z = 4*g. Suppose -5*p = 10, -5*l = 3*p - 13 - g. What are the prime factors of l?
2
Let p = -10 - -9. Let b be 12*(1 - p) + -3. List the prime factors of (b/6)/(2/4).
7
Let q(a) = 64*a**2 + 1. Let h be q(1). Suppose 4*x - h = -x. List the prime factors of x.
13
List the prime factors of (30/4)/5*36.
2, 3
Let g = -4 - -8. Suppose -g*d - 14 + 70 = 0. List the prime factors of d.
2, 7
Let m(w) = -w**3 + 8*w**2 + 16*w + 7. What are the prime factors of m(7)?
2, 3, 7
Let u = -5 - 2. Let a(h) = h**2 + 6*h - 8. Let t be a(u). List the prime factors of t + (2*15)/3.
3
Let w = 0 + 0. Suppose 4*z - z - 21 = w. What are the prime factors of z?
7
Let n(f) = f**2 - 6*f - 10. Suppose 0 = 3*s - 30 + 6. What are the prime factors of n(s)?
2, 3
Let a(c) = c**2 + 19*c + 23. List the prime factors of a(-18).
5
Suppose -36 = -5*m + 59. List the prime factors of m.
19
Let r = 23 + -17. Let z = -62 - -108. What are the prime factors of z/r + 4/(-6)?
7
Let l = 9 + 57. What are the prime factors of l?
2, 3, 11
Let z(w) = -6*w - 7. Let j be z(5). Let p = -21 - j. What are the prime factors of p?
2
What are the prime factors of 2/(-3) + (-26)/(-3)?
2
Suppose 2*f + j - 84 = 0, -4*f + 3*j = -169 - 19. What are the prime factors of f?
2, 11
Let v be (-1)/2*(-18 + -2). Let i = v - 1. List the prime factors of i.
3
Let x = -6 - -11. Let s = 205 + -94. Suppose 5*n - 2*b - s = 0, -b = x*n + 4*b - 90. List the prime factors of n.
3, 7
Let h = 5 + -3. What are the prime factors of h/7 - 770/(-49)?
2
What are the prime factors of -1 - 0/(-4) - -37?
2, 3
Let s = 5 + 3. Let b = 0 + s. What are the prime factors of b?
2
Let t(u) = -u**3 - 8*u**2 - 8*u + 1. Let k be t(-7). Suppose m - k = -0*m. Suppose 0 = -j - j + m. What are the prime factors of j?
2
Suppose c - 8 - 34 = 0. List the prime factors of c.
2, 3, 7
Let y(d) = 5*d**2. Let b(h) = 14*h**2 - h - 1. Let n(m) = 4*b(m) - 11*y(m). Let v be n(5). Suppose 19 = 4*p - v. List the prime factors of p.
5
Let c = 1 + 2. Suppose 0 = -c*m + m + 10. What are the prime factors of m?
5
Suppose 0 = 4*x - 23 - 13. What are the prime factors of x?
3
S